{"id":536,"date":"2021-06-03T10:40:06","date_gmt":"2021-06-03T10:40:06","guid":{"rendered":"https:\/\/www.papirhajoapartman.hu\/?page_id=536"},"modified":"2026-04-29T14:45:04","modified_gmt":"2026-04-29T14:45:04","slug":"apartman1","status":"publish","type":"page","link":"https:\/\/www.papirhajoapartman.hu\/?page_id=536","title":{"rendered":"Apartman1"},"content":{"rendered":"<figure><img decoding=\"async\" src=\"https:\/\/www.papirhajoapartman.hu\/wp-content\/uploads\/2021\/06\/fsz_01-768x1024.jpg\" alt=\"qrf\" \/><\/figure>\n<figure><img decoding=\"async\" src=\"https:\/\/www.papirhajoapartman.hu\/wp-content\/uploads\/2021\/06\/fsz_02-768x1024.jpg\" alt=\"qrf\" \/><\/figure>\n<figure><img decoding=\"async\" src=\"https:\/\/www.papirhajoapartman.hu\/wp-content\/uploads\/2021\/06\/fsz_03-768x1024.jpg\" alt=\"qrf\" \/><\/figure>\n<figure><img decoding=\"async\" src=\"https:\/\/www.papirhajoapartman.hu\/wp-content\/uploads\/2021\/06\/fsz_04-768x1024.jpg\" alt=\"qrf\" \/><\/figure>\n<figure><img decoding=\"async\" src=\"https:\/\/www.papirhajoapartman.hu\/wp-content\/uploads\/2021\/06\/fsz_05-768x1024.jpg\" alt=\"qrf\" \/><\/figure>\n\n\t\t\t\t<div class=\"abc-singlecalendar\" data-checkin-69f2638a3c139=\"0\" data-offset-69f2638a3c139=\"0\" data-month-69f2638a3c139=\"0\" id=\"abc_singlecalendar_69f2638a3c139\">\n\t\t\t\t\t<div class=\"abc-box abc-single-row\">\n\t\t\t\t\t\t<div data-calendar=\"1\" data-id=\"69f2638a3c139\" class=\"abc-box abc-button abc-single-button-left\">\n\t\t\t\t\t\t\t<button class=\"fa fa-chevron-left abc-button-rl\"><\/button>\n\t\t\t\t\t\t<\/div>\n\t\t\t\t\t\t<div class=\"abc-box abc-month\">\n\t\t\t\t\t\t\t<img decoding=\"async\" alt=\"Bet\u00f6lt\u00e9s...\" src=\"https:\/\/www.papirhajoapartman.hu\/wp-admin\/images\/wpspin_light.gif\" class=\"waiting\" id=\"abc_single_loading-69f2638a3c139\" style=\"display:none\" \/><span id=\"singlecalendar-month-69f2638a3c139\">\u00e1prilis 2026<\/span><\/div>\n\t\t\t\t\t\t\t<div data-calendar=\"1\" data-id=\"69f2638a3c139\" class=\"abc-box abc-button abc-single-button-right\">\n\t\t\t\t\t\t\t\t<button class=\"fa fa-chevron-right abc-button-rl\"><\/button>\n\t\t\t\t\t\t<\/div>\n\t\t\t\t\t<\/div>\n\t\t\t\t\t<div class=\"abc-box abc-single-row\">\n\t\t\t\t\t<div class=\"abc-box abc-col-day abc-dayname\">H\u00e9<\/div>\n\t\t\t\t\t<div class=\"abc-box abc-col-day abc-dayname abc-dotted\">Ke<\/div>\n\t\t\t\t\t<div class=\"abc-box abc-col-day abc-dayname abc-dotted\">Sze<\/div>\n\t\t\t\t\t<div class=\"abc-box abc-col-day abc-dayname abc-dotted\">Cs\u00fc<\/div>\n\t\t\t\t\t<div class=\"abc-box abc-col-day abc-dayname abc-dotted\">P\u00e9<\/div>\n\t\t\t\t\t<div class=\"abc-box abc-col-day abc-dayname abc-dotted\">Szo<\/div>\n\t\t\t\t\t<div class=\"abc-box abc-col-day abc-dayname abc-dotted\">Va<\/div>\n\t\t\t\t\t<\/div>\n\t\t\t\t\t<div id=\"abc-calendar-days-69f2638a3c139\">\n\t\t\t\t\t\t<div class=\"abc-box abc-single-row\"><div class=\"abc-box abc-col-day \">&nbsp;<\/div><div class=\"abc-box abc-col-day abc-dotted \">&nbsp;<\/div><div title=\"\" data-calendar=\"1\" data-id=\"69f2638a3c139\" data-date=\"2026-04-01\" class=\"abc-box abc-col-day abc-dotted abc-past abc-date-item \" id=\"abc-day-69f2638a3c1392026-04-01\">1<br \/><span class=\"abc-single-price\"><\/span><\/div><div title=\"\" data-calendar=\"1\" data-id=\"69f2638a3c139\" data-date=\"2026-04-02\" class=\"abc-box abc-col-day abc-dotted abc-past abc-date-item \" id=\"abc-day-69f2638a3c1392026-04-02\">2<br \/><span class=\"abc-single-price\"><\/span><\/div><div title=\"\" data-calendar=\"1\" data-id=\"69f2638a3c139\" data-date=\"2026-04-03\" class=\"abc-box abc-col-day abc-dotted abc-past abc-date-item \" id=\"abc-day-69f2638a3c1392026-04-03\">3<br \/><span class=\"abc-single-price\"><\/span><\/div><div title=\"\" data-calendar=\"1\" data-id=\"69f2638a3c139\" data-date=\"2026-04-04\" class=\"abc-box abc-col-day abc-dotted abc-past abc-date-item \" id=\"abc-day-69f2638a3c1392026-04-04\">4<br \/><span class=\"abc-single-price\"><\/span><\/div><div title=\"\" data-calendar=\"1\" data-id=\"69f2638a3c139\" data-date=\"2026-04-05\" class=\"abc-box abc-col-day abc-dotted abc-past abc-date-item \" id=\"abc-day-69f2638a3c1392026-04-05\">5<br \/><span class=\"abc-single-price\"><\/span><\/div><\/div><div class=\"abc-box abc-single-row\"><div title=\"\" data-calendar=\"1\" data-id=\"69f2638a3c139\" data-date=\"2026-04-06\" class=\"abc-box abc-col-day abc-past abc-date-item \" id=\"abc-day-69f2638a3c1392026-04-06\">6<br \/><span class=\"abc-single-price\"><\/span><\/div><div title=\"\" data-calendar=\"1\" data-id=\"69f2638a3c139\" data-date=\"2026-04-07\" class=\"abc-box abc-col-day abc-dotted abc-past abc-date-item \" id=\"abc-day-69f2638a3c1392026-04-07\">7<br \/><span class=\"abc-single-price\"><\/span><\/div><div title=\"\" data-calendar=\"1\" data-id=\"69f2638a3c139\" data-date=\"2026-04-08\" class=\"abc-box abc-col-day abc-dotted abc-past abc-date-item \" id=\"abc-day-69f2638a3c1392026-04-08\">8<br \/><span class=\"abc-single-price\"><\/span><\/div><div title=\"\" data-calendar=\"1\" data-id=\"69f2638a3c139\" data-date=\"2026-04-09\" class=\"abc-box abc-col-day abc-dotted abc-past abc-date-item \" id=\"abc-day-69f2638a3c1392026-04-09\">9<br \/><span class=\"abc-single-price\"><\/span><\/div><div title=\"\" data-calendar=\"1\" data-id=\"69f2638a3c139\" data-date=\"2026-04-10\" class=\"abc-box abc-col-day abc-dotted abc-past abc-date-item \" id=\"abc-day-69f2638a3c1392026-04-10\">10<br \/><span class=\"abc-single-price\"><\/span><\/div><div title=\"\" data-calendar=\"1\" data-id=\"69f2638a3c139\" data-date=\"2026-04-11\" class=\"abc-box abc-col-day abc-dotted abc-past abc-date-item \" id=\"abc-day-69f2638a3c1392026-04-11\">11<br \/><span class=\"abc-single-price\"><\/span><\/div><div title=\"\" data-calendar=\"1\" data-id=\"69f2638a3c139\" data-date=\"2026-04-12\" class=\"abc-box abc-col-day abc-dotted abc-past abc-date-item \" id=\"abc-day-69f2638a3c1392026-04-12\">12<br \/><span class=\"abc-single-price\"><\/span><\/div><\/div><div class=\"abc-box abc-single-row\"><div title=\"\" data-calendar=\"1\" data-id=\"69f2638a3c139\" data-date=\"2026-04-13\" class=\"abc-box abc-col-day abc-past abc-date-item \" id=\"abc-day-69f2638a3c1392026-04-13\">13<br \/><span class=\"abc-single-price\"><\/span><\/div><div title=\"\" data-calendar=\"1\" data-id=\"69f2638a3c139\" data-date=\"2026-04-14\" class=\"abc-box abc-col-day abc-dotted abc-past abc-date-item \" id=\"abc-day-69f2638a3c1392026-04-14\">14<br \/><span class=\"abc-single-price\"><\/span><\/div><div title=\"\" data-calendar=\"1\" data-id=\"69f2638a3c139\" data-date=\"2026-04-15\" class=\"abc-box abc-col-day abc-dotted abc-past abc-date-item \" id=\"abc-day-69f2638a3c1392026-04-15\">15<br \/><span class=\"abc-single-price\"><\/span><\/div><div title=\"\" data-calendar=\"1\" data-id=\"69f2638a3c139\" data-date=\"2026-04-16\" class=\"abc-box abc-col-day abc-dotted abc-past abc-date-item \" id=\"abc-day-69f2638a3c1392026-04-16\">16<br \/><span class=\"abc-single-price\"><\/span><\/div><div title=\"\" data-calendar=\"1\" data-id=\"69f2638a3c139\" data-date=\"2026-04-17\" class=\"abc-box abc-col-day abc-dotted abc-past abc-date-item \" id=\"abc-day-69f2638a3c1392026-04-17\">17<br \/><span class=\"abc-single-price\"><\/span><\/div><div title=\"\" data-calendar=\"1\" data-id=\"69f2638a3c139\" data-date=\"2026-04-18\" class=\"abc-box abc-col-day abc-dotted abc-past abc-date-item \" id=\"abc-day-69f2638a3c1392026-04-18\">18<br \/><span class=\"abc-single-price\"><\/span><\/div><div title=\"\" data-calendar=\"1\" data-id=\"69f2638a3c139\" data-date=\"2026-04-19\" class=\"abc-box abc-col-day abc-dotted abc-past abc-date-item \" id=\"abc-day-69f2638a3c1392026-04-19\">19<br \/><span class=\"abc-single-price\"><\/span><\/div><\/div><div class=\"abc-box abc-single-row\"><div title=\"\" data-calendar=\"1\" data-id=\"69f2638a3c139\" data-date=\"2026-04-20\" class=\"abc-box abc-col-day abc-past abc-date-item \" id=\"abc-day-69f2638a3c1392026-04-20\">20<br \/><span class=\"abc-single-price\"><\/span><\/div><div title=\"\" data-calendar=\"1\" data-id=\"69f2638a3c139\" data-date=\"2026-04-21\" class=\"abc-box abc-col-day abc-dotted abc-past abc-date-item \" id=\"abc-day-69f2638a3c1392026-04-21\">21<br \/><span class=\"abc-single-price\"><\/span><\/div><div title=\"\" data-calendar=\"1\" data-id=\"69f2638a3c139\" data-date=\"2026-04-22\" class=\"abc-box abc-col-day abc-dotted abc-past abc-date-item \" id=\"abc-day-69f2638a3c1392026-04-22\">22<br \/><span class=\"abc-single-price\"><\/span><\/div><div title=\"\" data-calendar=\"1\" data-id=\"69f2638a3c139\" data-date=\"2026-04-23\" class=\"abc-box abc-col-day abc-dotted abc-past abc-date-item \" id=\"abc-day-69f2638a3c1392026-04-23\">23<br \/><span class=\"abc-single-price\"><\/span><\/div><div title=\"\" data-calendar=\"1\" data-id=\"69f2638a3c139\" data-date=\"2026-04-24\" class=\"abc-box abc-col-day abc-dotted abc-past abc-date-item \" id=\"abc-day-69f2638a3c1392026-04-24\">24<br \/><span class=\"abc-single-price\"><\/span><\/div><div title=\"\" data-calendar=\"1\" data-id=\"69f2638a3c139\" data-date=\"2026-04-25\" class=\"abc-box abc-col-day abc-dotted abc-past abc-date-item \" id=\"abc-day-69f2638a3c1392026-04-25\">25<br \/><span class=\"abc-single-price\"><\/span><\/div><div title=\"\" data-calendar=\"1\" data-id=\"69f2638a3c139\" data-date=\"2026-04-26\" class=\"abc-box abc-col-day abc-dotted abc-past abc-date-item \" id=\"abc-day-69f2638a3c1392026-04-26\">26<br \/><span class=\"abc-single-price\"><\/span><\/div><\/div><div class=\"abc-box abc-single-row\"><div title=\"\" data-calendar=\"1\" data-id=\"69f2638a3c139\" data-date=\"2026-04-27\" class=\"abc-box abc-col-day abc-past abc-date-item \" id=\"abc-day-69f2638a3c1392026-04-27\">27<br \/><span class=\"abc-single-price\"><\/span><\/div><div title=\"\" data-calendar=\"1\" data-id=\"69f2638a3c139\" data-date=\"2026-04-28\" class=\"abc-box abc-col-day abc-dotted abc-past abc-date-item \" id=\"abc-day-69f2638a3c1392026-04-28\">28<br \/><span class=\"abc-single-price\"><\/span><\/div><div title=\"Teljesen lefoglalt\" data-calendar=\"1\" data-id=\"69f2638a3c139\" data-date=\"2026-04-29\" class=\"abc-box abc-col-day abc-dotted abc-booked abc-date-item \" id=\"abc-day-69f2638a3c1392026-04-29\">29<br \/><span class=\"abc-single-price\">&nbsp;<\/span><\/div><div title=\"Teljesen lefoglalt\" data-calendar=\"1\" data-id=\"69f2638a3c139\" data-date=\"2026-04-30\" class=\"abc-box abc-col-day abc-dotted abc-booked abc-date-item \" id=\"abc-day-69f2638a3c1392026-04-30\">30<br \/><span class=\"abc-single-price\">&nbsp;<\/span><\/div><\/div>\n\t\t\t\t\t<\/div><div class=\"abc-single-legend\">\n\t\t\t\t\t\t\t\t\t\t\t<span class=\"fa fa-square-o abc-single-legend-available\"><\/span>\n\t\t\t\t\t\t\t\t\t\t\tEl\u00e9rhet\u0151<span class=\"fa fa-square abc-single-legend-fully\"><\/span>\n\t\t\t\t\t\t\t\t\t\tTeljesen lefoglalt\n\t\t\t\t\t\t\t\t\t\t<\/div><div id=\"abc-booking-69f2638a3c139\" class=\"abc-booking-selection\">\n\t\t\t\t\t<\/div>\n\t\t\t\t<\/div>\n<h2>Pap\u00edrhaj\u00f3 \u21161<\/h2>\n<p>A PAP\u00cdRHAJ\u00d3 Apartman a balatonf\u0171zf\u0151i vitorl\u00e1skik\u00f6t\u0151 k\u00f6zvetlen szomsz\u00e9ds\u00e1g\u00e1ban tal\u00e1lhat\u00f3. A h\u00e1zban k\u00e9t k\u00fcl\u00f6n bej\u00e1rat\u00fa, kl\u00edm\u00e1val felszerelt apartman foglalhat\u00f3. H\u00e1l\u00f3szob\u00e1ink mindegyike balatoni panor\u00e1m\u00e1val rendelkezik. Az Apartman saj\u00e1t kertje, Balatonra n\u00e9z\u0151 terasza \u00e9s kerti s\u00fct\u00f6get\u0151je tov\u00e1bbi lehet\u0151s\u00e9geket ad a kikapcsol\u00f3d\u00e1sra. Az akt\u00edv pihen\u00e9st kedvel\u0151k a Balatoni Bringak\u00f6rt a h\u00e1z el\u0151tt, a parti s\u00e9t\u00e1nyt pedig a kert v\u00e9g\u00e9ben tal\u00e1lj\u00e1k.<\/p>\n<p>\u00a0<\/p>\n<ul>\n<li>36 m<sup>2<\/sup>-es f\u00f6ldszinti, eg\u00e9sz \u00e9vben foglalhat\u00f3 apartman<\/li>\n<li>2 h\u00e1l\u00f3szoba <em>(\u00e1gynem\u0171r\u0151l \u00e9s huzatr\u00f3l, valamint t\u00f6r\u00f6lk\u00f6z\u0151r\u0151l mi gondoskodunk)<\/em><\/li>\n<li>t\u00e1gas f\u00fcrd\u0151szoba &amp; WC<\/li>\n<li>j\u00f3l felszerelt konyha &amp; \u00e9tkez\u0151 &amp; Tchibo Cafissimo k\u00e1v\u00e9f\u0151z\u0151 <br \/><em>(hozz\u00e1 megfelel\u0151 kapszul\u00e1k a konyh\u00e1ban v\u00e1rnak)<\/em><\/li>\n<li>kl\u00edm\u00e1val felszerelt apartman<\/li>\n<li>TV &amp; internet<\/li>\n<li>Balatonra n\u00e9z\u0151 terasz<\/li>\n<li>5 f\u0151 r\u00e9sz\u00e9re<\/li>\n<li>\u00e9p\u00edtett kerti s\u00fct\u00f6get\u0151<\/li>\n<\/ul>\n<h4><strong style=\"background-color: var(--global--color-background); color: var(--global--color-primary); font-family: var(--global--font-secondary); font-size: var(--global--font-size-base);\">45.000 Ft<\/strong> \/ apartman \/ \u00e9j<\/h4>\n<p>\u00a0<\/p>\n<hr \/>\n<p><em>Teljes h\u00e1z foglal\u00e1sa eset\u00e9n, illetve hossz\u00fa tart\u00f3zkod\u00e1s alkalm\u00e1val kedvezm\u00e9nyek \u00e9rhet\u0151k el.<\/em><\/p>\n<p><em>A megjel\u00f6lt \u00e1rak nem tartalmazz\u00e1k az idegenforgalmi ad\u00f3t.<\/em><em>\u00c1gynem\u0171t, huzatot \u00e9s t\u00f6r\u00f6lk\u00f6z\u0151t biztos\u00edtunk a foglal\u00e1s id\u0151tartam\u00e1ra.<\/em><\/p>\n","protected":false},"excerpt":{"rendered":"<p>Pap\u00edrhaj\u00f3 \u21161 A PAP\u00cdRHAJ\u00d3 Apartman a balatonf\u0171zf\u0151i vitorl\u00e1skik\u00f6t\u0151 k\u00f6zvetlen szomsz\u00e9ds\u00e1g\u00e1ban tal\u00e1lhat\u00f3. A h\u00e1zban k\u00e9t k\u00fcl\u00f6n bej\u00e1rat\u00fa, kl\u00edm\u00e1val felszerelt apartman foglalhat\u00f3. H\u00e1l\u00f3szob\u00e1ink mindegyike balatoni panor\u00e1m\u00e1val rendelkezik. Az Apartman saj\u00e1t kertje, Balatonra n\u00e9z\u0151 terasza \u00e9s kerti s\u00fct\u00f6get\u0151je tov\u00e1bbi lehet\u0151s\u00e9geket ad a kikapcsol\u00f3d\u00e1sra. Az akt\u00edv pihen\u00e9st kedvel\u0151k a Balatoni Bringak\u00f6rt a h\u00e1z el\u0151tt, a parti s\u00e9t\u00e1nyt pedig a&hellip; <a class=\"more-link\" href=\"https:\/\/www.papirhajoapartman.hu\/?page_id=536\"><span class=\"screen-reader-text\">Apartman1<\/span> olvas\u00e1s\u00e1nak folytat\u00e1sa<\/a><\/p>\n","protected":false},"author":1,"featured_media":0,"parent":0,"menu_order":0,"comment_status":"closed","ping_status":"closed","template":"elementor_canvas","meta":{"footnotes":""},"class_list":["post-536","page","type-page","status-publish","hentry","entry"],"_links":{"self":[{"href":"https:\/\/www.papirhajoapartman.hu\/index.php?rest_route=\/wp\/v2\/pages\/536","targetHints":{"allow":["GET"]}}],"collection":[{"href":"https:\/\/www.papirhajoapartman.hu\/index.php?rest_route=\/wp\/v2\/pages"}],"about":[{"href":"https:\/\/www.papirhajoapartman.hu\/index.php?rest_route=\/wp\/v2\/types\/page"}],"author":[{"embeddable":true,"href":"https:\/\/www.papirhajoapartman.hu\/index.php?rest_route=\/wp\/v2\/users\/1"}],"replies":[{"embeddable":true,"href":"https:\/\/www.papirhajoapartman.hu\/index.php?rest_route=%2Fwp%2Fv2%2Fcomments&post=536"}],"version-history":[{"count":203,"href":"https:\/\/www.papirhajoapartman.hu\/index.php?rest_route=\/wp\/v2\/pages\/536\/revisions"}],"predecessor-version":[{"id":2052,"href":"https:\/\/www.papirhajoapartman.hu\/index.php?rest_route=\/wp\/v2\/pages\/536\/revisions\/2052"}],"wp:attachment":[{"href":"https:\/\/www.papirhajoapartman.hu\/index.php?rest_route=%2Fwp%2Fv2%2Fmedia&parent=536"}],"curies":[{"name":"wp","href":"https:\/\/api.w.org\/{rel}","templated":true}]}}